u).
3
Suppose 4*k = -4*t + 44, -t - 1 = -4*k + 23. Let v(c) = c**2 - 6*c - 5. Calculate v(k).
2
Let v(l) be the third derivative of l**5/60 - l**4/12 + 2*l**3/3 - 15*l**2. Determine v(3).
7
Let l(g) be the first derivative of -g**4/2 - g**3/3 + 3*g**2/2 - 17*g + 2. Let a(j) = -j**3 - j**2 + j - 8. Let r(x) = 13*a(x) - 6*l(x). Calculate r(-6).
-8
Let g(t) = -13 + 0*t + 13 + 2*t. Let r(n) be the third derivative of n**4/12 - n**3/2 + n**2. Let y be r(3). Calculate g(y).
6
Let d(u) = 3 + u + 5 - 5 - 2. Determine d(-6).
-5
Let c(d) be the second derivative of -d**5/60 - d**4/4 - 4*d**3/3 - d**2 - d. Let h(f) be the first derivative of c(f). Calculate h(-6).
-8
Let j(h) = 7*h + 6. Let d(o) = 8*o + 6. Let b(z) = -6*d(z) + 7*j(z). Let f = -7 - -11. Suppose p = f*p. Calculate b(p).
6
Let a = 8 + -4. Suppose 3*x = -a*c + 4 + 23, 0 = 4*c - 12. Let l(u) = -2*u + x + u**3 + u**2 + 0*u**3 + 3*u. Give l(0).
5
Suppose -5 = -5*b, 4*s - b + 25 = -0*b. Let x(p) = -p - 3. What is x(s)?
3
Suppose 27*r = 30*r + 21. Let k(u) be the first derivative of u**2/2 + 11*u - 2. Give k(r).
4
Let m(q) = -5*q**2 + 9*q + 2. Let x(o) = 6*o**2 - 10*o - 3. Let a(l) = 5*m(l) + 4*x(l). Calculate a(3).
4
Let t be -4*(6/(-4) - 0). Let w be (-2)/t - 16/(-12). Let x(k) = -14*k**2. Let v(m) = -3*m**2. Let r(g) = 21*v(g) - 4*x(g). Give r(w).
-7
Let o = -8 + 6. Let b(r) be the first derivative of r**6/120 - r**4/12 + 3*r**2/2 - 2. Let v(g) be the second derivative of b(g). What is v(o)?
-4
Let u(r) be the second derivative of r**6/720 - 11*r**5/120 - r**4/6 - 2*r. Let i(w) be the third derivative of u(w). What is i(5)?
-6
Let q(i) = 1 - 2 - 1 + i. Let r be q(-2). Let y(t) = t**3 + 5*t**2 + 4*t + 3. Calculate y(r).
3
Let i = -23 + 33. Let x(v) = v - 12. What is x(i)?
-2
Let v(f) = 4*f**3 + f + 2 - 3*f + 2*f**2 - 1. Let s be 0 - -1*(2 - 1). Suppose -s + 2 = c. Determine v(c).
5
Let z(o) = -14*o**2 - o - 1. Suppose 0 = -6*c + 2*c - 4. What is z(c)?
-14
Let f(v) be the first derivative of -5*v**2/2 + 7*v - 1. Let m(p) = 6*p - 8. Let d(k) = -5*f(k) - 4*m(k). Let j be (-45)/30*(-10)/(-3). What is d(j)?
-8
Let d(s) = -s - 6. Let g = 6 - -1. What is d(g)?
-13
Suppose 8 = -0*x + 2*x. Let w(b) = -4*b + x*b + b. Give w(-5).
-5
Let p = 5 + -8. Let n be 7/3 + p/9. Let c(q) = 4*q + 5 + q**2 - n*q + 5*q. What is c(-4)?
-7
Let k = 65 + -35. Suppose -k = 4*g - 10. Let o(c) = c**3 + 6*c**2 + 4*c + 1. Give o(g).
6
Suppose 0 = -0*o + 3*o + 3, -4*o - 40 = -4*u. Suppose 36 = 4*n + 5*g, 4*g = n + 3 + u. Let v(a) = -2*a + 6. Give v(n).
-2
Let k(p) = -p**3 + 7*p**2 - 6*p - 7. Let w(b) = b**2 - b - 1. Let s(h) = -k(h) + 6*w(h). Let i be s(-1). Let o(g) = -6*g**2 + 2*g + 1. Determine o(i).
-7
Let u = -38 - -38. Let k(d) = d + 22. Give k(u).
22
Let y(o) be the first derivative of o + 5 + o**2 + 4/3*o**3. Suppose -3*l = 2*l + 5. Determine y(l).
3
Let n(u) = -31*u - 8 + 39*u - 2*u**2 + u**2. Give n(6).
4
Let o(d) = -d**2 + 8*d - 1. Let z = -167 - -174. Determine o(z).
6
Suppose 5*b - b = 8. Let f(j) be the first derivative of 4*j - 2*j**b + 1/3*j**3 - 3. What is f(3)?
1
Let t(q) be the second derivative of q**5/5 - q**4/12 - q**3/6 - q**2 + 2*q. Let u(c) = -c**3 + 1. Let y(m) = t(m) + 3*u(m). What is y(0)?
1
Let j(l) = -8*l**2 - 4. Let x(a) = 15*a**2 + 7. Let p(o) = 5*j(o) + 3*x(o). Calculate p(-1).
6
Let b = 58 + -57. Let r(n) = 8*n**3 + 1. Give r(b).
9
Suppose -20 = -q - 6. Let o be 66/q - (-4)/14. Suppose 4*j + 13 = 2*i - o, -4*i = -j - 8. Let s(f) = f**2 + 3*f + 2. Calculate s(j).
6
Let r(a) be the first derivative of -a**3/3 - 5*a**2/2 - 4*a + 1. Suppose -5*t + 9 = -11. Let u(o) = o**2 - 6*o + 5. Let c be u(t). Determine r(c).
2
Let y(t) be the second derivative of t**7/2520 - t**6/144 + t**5/24 - t**4/4 - 4*t. Let b(z) be the third derivative of y(z). Give b(5).
5
Let o(d) = 3*d + 1. Let n(y) = -y + 6 - 4*y + 4*y - 5. Let j be 1*-1 + 3/(-1). Let h(u) = j*n(u) - o(u). Calculate h(5).
0
Let o(d) = -2*d - 4. Let f(x) = 2*x + 10. Suppose -3*u + 6 = g + 28, 17 = -g - 2*u. Let k be f(g). Determine o(k).
4
Suppose -5*f - 2*v = -3, 2*f + 5*v = 1 - 4. Let b(w) = w**2 + w + 3. Let h be b(0). Let s(u) = 2*u + 1 - 5 + h - u**3 - u**2. What is s(f)?
-1
Let a(v) = v**3 + 7*v**2 + v + 8. Suppose -h - 4 - 13 = -5*n, 4*h = 2*n - 32. What is a(h)?
1
Let a(u) = -2*u**2 - u - 96 + 94 + 4*u**2. Calculate a(2).
4
Suppose 833*k - 830*k = -3. Let q(x) = -6*x + 2. Let d(t) = -3*t + 1. Let r(p) = -5*d(p) + 2*q(p). Give r(k).
-4
Let t(x) be the third derivative of x**6/360 + x**5/30 - x**4/8 + x**3/6 + x**2. Let j(k) be the first derivative of t(k). Let h = 12 - 17. Give j(h).
2
Let g(b) = -b**2 - 7*b - 3. Let p = 108 - 112. Determine g(p).
9
Let a(f) = -6*f**2 - 7 - 5*f + 7*f**2 + 2. Determine a(7).
9
Let j(u) = -u**2 - 2*u + 4. Suppose 4*b + 18 + 14 = 0. Let y(i) = i**2 + 8*i - 5. Let x be y(b). Give j(x).
-11
Suppose -k = -4*k + 9. Suppose 4*j - 5 = 5*j, 3*j + k = -4*u. Let f(z) = -2*z**2 - 2*z + u*z**2 - 4 + 0 + 7. What is f(2)?
3
Let q(t) = -6*t + 276 - 275 + 0*t + t. What is q(2)?
-9
Let a(s) = 0*s + 5 - 6 + 0*s + 3*s. Suppose 2*d = -4*x + 1 + 5, 5*d = -5*x. Calculate a(x).
8
Suppose -2*j = 3*j - 10. Let p be ((-4)/5)/(4/(-10)). Let h(d) = -p*d - d**3 - 1 + d + 2*d**2 - d. Calculate h(j).
-5
Let s = 1 + 1. Let x(n) = -1 + 5 - 1 + n**3 + n**2 + 0*n**s. Suppose -5*m = 5*o - 20, -12 = -0*o + 5*o - 3*m. Give x(o).
3
Let l(r) = -r + 2. Suppose 2*b = 4*b - 2. Let i be b + 1 + (-4)/2. Give l(i).
2
Let l(w) = -28 - 3*w**2 + 62 - 31 + 4*w**2 - 5*w. Let q be (3/(-4))/(1/(-4)). Suppose 5*o + 2*i - 7*i = 50, 5*i + 10 = -q*o. Give l(o).
3
Let s(x) = x - 2. Let v(r) = 2*r - 5. Let g(b) = -7*s(b) + 3*v(b). Let q be g(0). Let l(i) be the first derivative of i**3 - i + 1. Give l(q).
2
Let s(p) = 0*p**2 - 3*p + 2*p**2 + 4*p. Let b = 10 - 5. Suppose 2*k - 4*i = -3*i - b, 5*k = 2*i - 12. Determine s(k).
6
Let q(g) = 8 - 10*g - 4*g + 15*g + g**3 - g**2. Let l = 0 + 2. Suppose l*b = b. What is q(b)?
8
Let a(c) = -c**3 + c**2 + c - 9. Suppose 0 = -4*o + o - 3. Let l(k) = -k**2 - k + 1. Let z(q) = o*a(q) - 6*l(q). What is z(-4)?
-1
Let q(v) = 2*v + 19. Suppose 2*m + 12 = 2*w - 0, 10 = m - 5*w. Let o be m - (-1 - (2 + -4)). Let n(u) = u + 10. Let i(l) = o*n(l) + 6*q(l). Calculate i(0).
4
Let q(g) be the first derivative of g**3/3 + g**2/2 - 2*g - 1. Suppose -2*d + 4 = -d. Suppose -3*y + 0*s - d = -2*s, -3*y - 2*s = -16. Determine q(y).
4
Let q be -3*2*(-4)/4. Suppose q = a + a. Let g(j) = 3*j + 4*j - a*j + 3 - 10*j. Determine g(2).
-9
Let c be ((-5)/30 + 3/2)*-3. Let o(b) = -b**2 - 2*b - 1. Determine o(c).
-9
Let k(o) = o**2 + 2*o - 2. Let t be k(-3). Let q = -1 + t. Let l(x) = -5*x**2 - 1 + q - 5*x**3 + 6*x**3. Determine l(5).
-1
Let z(u) = 2*u**3 + 23*u**2 + 9*u + 13. Let d(c) = -c**3 - 11*c**2 - 5*c - 6. Let l(m) = 7*d(m) + 3*z(m). Calculate l(-7).
4
Suppose o = -3*o + 5*t - 13, t + 4 = 3*o. Let c(x) be the first derivative of -x**2/2 + x + 11. Give c(o).
-2
Let s be (52/(-39))/((-2)/3). Let m(b) = 11 - 2*b**2 + 4*b - 2*b**s + 3*b**2 - 3. Determine m(6).
-4
Let x(d) = 4*d + 78. Let p be x(-21). Let i(h) = -h**2 - 8*h - 7. Determine i(p).
5
Let i(a) = 2*a**2 + 6*a - 3. Let c(j) = -2*j**2 - 6*j + 2. Let u(z) = 3*c(z) + 2*i(z). Determine u(-4).
-8
Let v(z) = -6*z**2. Let j be v(-1). Let l = j - -9. Suppose -3*r - l = 3. Let i(n) = -2*n**2 - n + 1. Determine i(r).
-5
Let t = 9 - 6. Suppose 12 = t*b + b. Let v be -1*(-2 + 4)*b. Let l(d) = d**2 + 8*d + 6. Give l(v).
-6
Let l(z) = 13*z**3 + 7*z**2 - 21*z - 2. Suppose c = 3 + 3. Let q(b) = 7*b**3 + 4*b**2 - 11*b - 1. Let k(s) = c*l(s) - 11*q(s). What is k(4)?
11
Let q = -16 - -21. Suppose -q*v - m + 45 = 4*m, -4*m = 5*v - 40. Let l(h) = -h + 2. Calculate l(v).
-2
Let s be (-3)/15*(-1 - -1). Let j(c) = c + 13. Determine j(s).
13
Let l(y) be the second derivative of y**3/6 - y**2 + 6*y. What is l(6)?
4
Let m = -6 - -2. Let g(l) = l + 14. Let k be g(-13). Let j(h) = k - 4*h + 2*h - 1 + 1. Calculate j(m).
9
Let p(s) be the first derivative of s**5/5 + s**4/12 - s**3/6 - s**2/2 - 2*s - 2. Let b(i) be the first derivative of p(i). What is b(-1)?
-3
Let y(z) = 3*z - 1. Let p(w) = -10*w + 3. Let o(k) = 6*p(k) + 17*y(k). Determine o(-1).
10
Let y(m) = 2*m**2 + 4*m**2 - 880*m**3 + 881*m**3 + 5*m + 5. Determine y(-4).